0 = -2*b - 10*b + 72. Let k be -11*(-11)/b - 2/12. Let f(n) = 3*n - 46. Let s be f(k). What is the highest common divisor of 70 and s?
14
Let b(t) = -22*t**2 - 177*t + 67. Let a be b(-7). What is the greatest common divisor of 3876 and a?
228
Suppose -90*s + 71*s + 228 = 0. Let p = 2 + -2. Let d be 1 + p + -1 - -96. What is the highest common factor of d and s?
12
Suppose -5*t - 29 + 65 = 6. What is the greatest common divisor of t and 1956?
6
Let d(f) = -87*f + 1292. Let z be d(8). What is the greatest common divisor of 149 and z?
149
Let l = 3019 + -2003. Calculate the highest common divisor of 381 and l.
127
Let b(k) = 146*k + 1697. Let o be b(-8). Let q be 2/(-4) + (-282)/(-12). Calculate the highest common factor of o and q.
23
Let n = 66 - 46. Suppose -48 = -2*q + 4*z, q = z - 3*z + n. Let i = -17 + q. Calculate the highest common factor of 40 and i.
5
Let n = 5638 - 5620. Calculate the highest common divisor of n and 3411.
9
Let a(o) = -o**3 - 40*o**2 + 71*o + 1223. Let m be a(-42). Calculate the highest common divisor of m and 203.
29
Suppose 4*a + 4*f = 41748, a - 17094 = -2*f - 6661. What is the greatest common factor of a and 53?
53
Let y(w) = w - 6. Let j be y(7). Let s be 6/27*(11 - 2). Suppose -3*o + 9 = a + s, o = 2. Calculate the greatest common divisor of j and a.
1
Let t = -4451 - -4794. What is the highest common factor of t and 21?
7
Let d be 28075/30 + 21/126. What is the greatest common factor of d and 27?
9
Let w(m) = -m**3 - 21*m**2 - 20*m - 1090. Let q be w(-24). Calculate the highest common divisor of 312 and q.
26
Let l be (2 - (8 + -3 - 39))*147. Calculate the greatest common divisor of l and 98.
98
Let i(g) = 2*g**3 + g**2. Let s be i(1). Suppose s = 2*f - 33. Calculate the highest common divisor of 198 and f.
18
Suppose 9 - 1 = 5*v - 4*x, 0 = -x - 2. Suppose -s + 3*h + v - 1 = 0, 2*h = -s + 4. Suppose -s*b = -3 - 7. Calculate the greatest common factor of b and 20.
5
Suppose m + 3*m = -20, -3*g + 4*m = -116. Suppose 3*u + 3*c = 228, 4*u + 3*c - 43 = 265. Calculate the greatest common divisor of u and g.
16
Let d be 49/8 + 0 - 32/256. Let o = d - -99. What is the greatest common divisor of o and 35?
35
Let s = 74 - 43. Let l be (279/124)/((-6)/(-8)). Suppose -4 = -g, 6*o + l*g - 1097 = o. Calculate the highest common factor of o and s.
31
Let m be 3/(-6)*-3*(-178)/(-3). Suppose -26*c = -223 - m. Calculate the highest common factor of 28 and c.
4
Let t = 177 - 88. Let a(c) = 2*c**2 - 44*c + 12 - 46*c + t*c. Let d be a(-7). Calculate the highest common factor of d and 13.
13
Let d be (0 - -472) + (-2 - -3). Suppose -3*n + 156 = 3*l, -22*n = -19*n - 3*l - 102. What is the greatest common divisor of n and d?
43
Suppose -6*k + 3*k + 108 = 0. Let x(s) = 115*s**2 + 9 + 124*s**2 - 240*s**2. Let d be x(0). Calculate the highest common factor of d and k.
9
Let q be (-46410)/(-21) - 68/(-4). What is the highest common factor of q and 524?
131
Suppose -2*a + 33 = -3*q, 3*a - 2*q - 31 - 16 = 0. Let o = -58 + 62. Suppose 118 = o*u - 122. Calculate the highest common divisor of a and u.
15
Let h = -1289 - -2500. What is the greatest common divisor of h and 346?
173
Let f(y) = y**2 + 15*y**2 + 2 - 15*y**2. Let t be f(-2). Let q = -46 - -94. Calculate the greatest common factor of q and t.
6
Let q = 2726 + -1781. Calculate the greatest common divisor of 75 and q.
15
Let p be 88/660 - ((-1226)/30 + 0). Let u be (1 - 4)/((-3)/p). Calculate the greatest common divisor of 369 and u.
41
Let w be (-2 + (-64)/(-56))/(-2 - 14741/(-7371)). What is the greatest common factor of w and 26?
26
Suppose 1140*p = 1191*p - 198706 - 152582. What is the greatest common factor of 112 and p?
56
Let w = -9991 + 16430. Calculate the greatest common divisor of 137 and w.
137
Suppose -2815 = 96*u - 30559. Calculate the highest common factor of 17 and u.
17
Let d = -9274 - -9922. What is the highest common divisor of d and 392?
8
Let p be 1 - 1 - (-19 + 17). Let m = p - 22. Let c be (36/10)/((-8)/m). What is the highest common divisor of 45 and c?
9
Let m(f) = 297*f**2 + 48*f + 166. Let l be m(-7). Calculate the greatest common divisor of 19 and l.
19
Let u = -57 - -37. Let n be (u/6)/(10/(-15)). Let d be 6/(-8) + 276/48. What is the greatest common divisor of d and n?
5
Suppose -4*a = 12, i + 205 = 2*a + 307. Suppose 0 = -4*u + 2*l + 230, -2*u + 0*l - l = -125. What is the greatest common divisor of i and u?
12
Let n be 4/(-14) + 15350/70. Let a = n - 314. Let o = a + 170. What is the highest common factor of o and 15?
15
Let f = 83 + -139. Let r be (-451)/(-8) - (-21)/f. Calculate the greatest common divisor of r and 16.
8
Suppose 49*a - 4896 = -2*a. Calculate the greatest common factor of 30 and a.
6
Suppose -71 = -5*m - 3*a - 23, 16 = 2*m + 2*a. Let l = 243 - 140. Let f = -67 + l. What is the greatest common divisor of f and m?
12
Let w(y) = 12*y + 3 - 37*y**2 - 2 + 40*y**2. Let q be w(-9). Let d(c) = -14*c - 613. Let u be d(-45). What is the greatest common factor of q and u?
17
Suppose 0 = -2*n + n - 3*n. Suppose 3*s = 5*z + 1081, -4*s - 4*z + 187 + 1201 = n. Suppose 0*a - 2*a = -64. What is the greatest common divisor of s and a?
32
Suppose t = 2*p + 1948 - 1341, 3*t + 5*p - 1832 = 0. What is the greatest common factor of 1743 and t?
21
Suppose 181*j + 78176 = 237*j. Calculate the greatest common factor of 10 and j.
2
Suppose -821 - 547 = -4*b. Let c(r) = -11*r**2 + 136*r - 222. Let i be c(10). What is the greatest common divisor of b and i?
38
Let s = 1201 + -1096. What is the greatest common factor of s and 1365?
105
Suppose 951 = 86*h - 112*h + 8751. What is the highest common divisor of h and 390?
30
Let m(a) = 29*a - 1. Let p be m(1). Suppose 2*s = s + p. Let y(t) = 17*t - 40. Let o be y(4). What is the greatest common divisor of s and o?
28
Suppose 4*n - 56 = -5*g, -24*g - 3 = -n - 28*g. Calculate the highest common factor of 14953 and n.
19
Suppose 499*h - 16472 = 247*h + 244*h. Calculate the greatest common factor of 497 and h.
71
Let c = -80 - -736. Suppose -30*i + 617 = 137. Calculate the greatest common divisor of i and c.
16
Let n = -28 + 20. Let i be 1*n/12*-12. Let g(v) = -6*v - 2. Let y be g(-3). What is the highest common factor of y and i?
8
Let b = -893 + 961. Let z = 122 - 61. Let a = b - z. Calculate the highest common divisor of 1 and a.
1
Suppose 5*c - 140 = -2*u, 5*c + 4*u - 135 = u. Calculate the greatest common divisor of c and 4470.
30
Suppose 0 = -16*b + 17*b + 1. Let g be (b - (-78)/(-4))*(-472)/118. Calculate the greatest common factor of g and 287.
41
Let l be ((-2784)/(-406))/(1/7). Let y be -32*-6*6/l. Suppose 3*u + u = o + 862, o - 2 = 0. Calculate the greatest common divisor of u and y.
24
Let m be (-8*(-6)/96)/(1/6). Suppose -t + m = -5*f + 211, 2*t = -f + 46. Calculate the greatest common factor of 714 and f.
42
Let m(s) = 11*s - 20. Let b be m(11). Let n = 106 - b. Let o be 1*(-10)/n - -86. What is the greatest common divisor of 63 and o?
21
Let r(x) be the second derivative of 25*x**3/3 + 181*x**2/2 + 93*x. Let j be r(6). What is the greatest common divisor of j and 13?
13
Let p(f) = 12*f**3 - 4*f - 1. Let l be p(3). Suppose -5*o - 114 = l. Let r = o + 148. What is the highest common factor of 9 and r?
9
Let c(v) = v**3 - 18*v**2 + 89*v - 76. Let t be c(10). Let j(b) = -168*b**3 - b**2 - b. Let q be j(-1). What is the highest common divisor of q and t?
14
Let q(u) = u**2 - 5. Let v be q(5). Let w be 58 - (-4 + 56 + -6). Calculate the highest common divisor of w and v.
4
Let l = -392 + 396. Suppose -3*a = -4*t + l + 95, 3*t - 67 = -5*a. Calculate the highest common factor of t and 12.
12
Let n = -127 + 341. Let y = n + -60. What is the greatest common factor of y and 42?
14
Let z = 281 + 293. Let w = z - 47. Calculate the highest common divisor of w and 31.
31
Let j be 44/(-3)*(-17 + 5158/(-4)). Calculate the highest common factor of j and 143.
143
Let b be (-5299)/(-21) + 6/9. Let k be ((-8)/(-6))/(4/6). Let c be 25 + (k + -1)*-2. Calculate the greatest common divisor of b and c.
23
Suppose -107 = 4*l - 2*z - 29, 0 = -2*z - 2. Let t be (-2)/24*-9 - (-774)/24. Let k be t + (-2)/((-8)/l). Calculate the greatest common divisor of k and 70.
14
Let h be (-2 + (-1 - -1)/(-1))/(-1). Suppose h*x = 8*x - 24. Let z(y)